ighest common factor of 118726069 and 1012.
253
What is the greatest common factor of 10710 and 15148819?
119
Calculate the highest common factor of 8523228 and 56.
28
What is the greatest common factor of 2943 and 360136?
109
What is the highest common divisor of 54820 and 15500?
20
What is the highest common factor of 10387 and 22455096?
799
Calculate the greatest common divisor of 11403 and 70182.
63
What is the highest common divisor of 3092913 and 10025?
401
Calculate the highest common divisor of 397645356 and 12.
12
What is the highest common factor of 3764595 and 47121?
339
What is the highest common factor of 437 and 10506848?
19
Calculate the greatest common divisor of 15708 and 112574.
2618
What is the greatest common factor of 57834808 and 7767?
863
Calculate the greatest common divisor of 1483251 and 4620.
231
Calculate the highest common factor of 12933275 and 9425.
725
What is the greatest common divisor of 1201563 and 4293?
477
Calculate the greatest common divisor of 16950 and 7251210.
3390
What is the highest common factor of 42 and 294724638?
6
What is the highest common factor of 99507386 and 44?
22
Calculate the highest common divisor of 104 and 106776566.
26
What is the greatest common factor of 56 and 104483416?
8
What is the greatest common divisor of 74640 and 13290?
30
What is the highest common factor of 12285268 and 4?
4
What is the highest common factor of 514435 and 191252?
137
What is the greatest common divisor of 3217129 and 656195?
3547
Calculate the greatest common divisor of 1854 and 14457698.
206
Calculate the greatest common divisor of 1146467 and 14.
7
Calculate the greatest common divisor of 7315 and 178062395.
665
Calculate the greatest common divisor of 1450 and 2615050.
50
What is the highest common factor of 90303460 and 884?
52
Calculate the greatest common factor of 1917 and 350046.
9
Calculate the greatest common factor of 16228873 and 4647.
1549
What is the greatest common factor of 1789587 and 322083?
2133
What is the greatest common divisor of 636491 and 1571147?
1217
Calculate the highest common divisor of 22 and 335460741.
11
Calculate the greatest common divisor of 27170 and 8910.
110
Calculate the highest common divisor of 6888 and 158904.
24
What is the greatest common factor of 37122042 and 78?
6
What is the greatest common divisor of 69345140 and 620?
620
Calculate the highest common factor of 4621100 and 70.
10
Calculate the greatest common factor of 1725333024 and 5034.
5034
What is the highest common factor of 2 and 211087858?
2
Calculate the highest common factor of 42 and 13056384.
6
What is the greatest common divisor of 9333759 and 12183?
93
What is the highest common divisor of 12270 and 470759?
409
Calculate the greatest common divisor of 405929448 and 162.
54
Calculate the greatest common factor of 5767 and 1859675.
73
What is the highest common divisor of 147 and 107715867?
147
Calculate the greatest common factor of 5366348 and 428.
4
What is the highest common divisor of 27916 and 686056?
28
Calculate the greatest common divisor of 63643 and 106125729.
2053
Calculate the greatest common factor of 505 and 8635803.
101
Calculate the greatest common factor of 824803 and 14713583.
2507
Calculate the highest common factor of 182 and 108172337.
91
Calculate the highest common divisor of 33193 and 18544.
19
What is the greatest common factor of 6402 and 2005146?
66
Calculate the highest common divisor of 33121 and 181.
1
Calculate the highest common divisor of 28787988 and 48459.
1671
What is the highest common divisor of 1388585 and 355?
5
What is the greatest common divisor of 1069920 and 2592?
288
What is the greatest common factor of 7611285 and 19560?
2445
Calculate the highest common divisor of 84 and 158105626.
14
What is the highest common divisor of 410 and 95773868?
82
Calculate the highest common divisor of 270 and 1177570.
10
What is the greatest common factor of 7226075 and 2175?
725
Calculate the greatest common divisor of 2960 and 24400.
80
What is the highest common divisor of 153 and 31393815?
51
Calculate the highest common divisor of 1053 and 92599.
13
Calculate the greatest common factor of 12515049 and 39591.
477
Calculate the greatest common factor of 6923 and 3351721.
989
Calculate the greatest common divisor of 73405 and 11357.
277
What is the greatest common factor of 345009 and 150087?
147
Calculate the highest common divisor of 1935 and 17194797.
387
What is the highest common factor of 25181304 and 22072?
712
What is the greatest common factor of 62 and 1226887713?
31
Calculate the greatest common factor of 14 and 242878.
2
What is the greatest common factor of 156136 and 43732?
116
What is the highest common divisor of 3059 and 175380773?
437
What is the greatest common factor of 2007652 and 2950?
118
Calculate the highest common divisor of 8466865 and 8985.
2995
Calculate the highest common divisor of 168495481 and 3538.
1769
Calculate the greatest common divisor of 15148848 and 48.
48
What is the greatest common factor of 88626654 and 180?
18
Calculate the highest common divisor of 32 and 3526110976.
32
What is the greatest common divisor of 6524 and 81003848?
932
What is the greatest common factor of 658182 and 12?
6
What is the greatest common factor of 1174863 and 4439?
23
Calculate the greatest common divisor of 724755 and 4902.
57
Calculate the highest common factor of 21350912 and 32384.
1408
What is the greatest common factor of 29551 and 1468792?
29
What is the highest common factor of 355 and 5070?
5
Calculate the highest common factor of 2300 and 11264388.
92
What is the highest common divisor of 324 and 1901709144?
108
Calculate the greatest common factor of 1071 and 1175193.
153
Calculate the highest common factor of 36498384 and 97.
97
Calculate the greatest common factor of 164 and 12126652.
164
What is the highest common factor of 270 and 6074980?
10
What is the greatest common factor of 58 and 8741006?
58
Calculate the highest common factor of 1608169 and 10351.
941
What is the highest common divisor of 112634 and 116030?
566
What is the greatest common divisor of 59565 and 29469?
627
Calculate the greatest common factor of 104 and 47798.
2
Calculate the highest common factor of 38532 and 1324167.
741
Calculate the greatest common divisor of 312899119 and 26.
13
Calculate the highest common divisor of 25263 and 9597.
21
Calculate the highest common factor of 74453379 and 15015.
3003
What is the highest common divisor of 266090 and 2135977?
2419
What is the highest common factor of 143 and 17186247?
13
Calculate the highest common divisor of 4192 and 5020575.
131
What is the highest common divisor of 3711739 and 4295?
859
Calculate the greatest common divisor of 182785900 and 440.
220
Calculate the greatest common divisor of 171 and 10750523.
19
What is the greatest common divisor of 525 and 26752740?
105
What is the greatest common divisor of 863664 and 2064?
48
Calculate the greatest common divisor of 182332 and 28124.
316
What is the highest common factor of 24409512 and 17514?
2502
What is the greatest common factor of 636363 and 41699?
1813
Calculate the highest common divisor of 15387236 and 940.
188
What is the highest common factor of 56 and 126901250?
14
What is the highest common factor of 1668 and 55139493?
417
Calculate the highest common divisor of 120953 and 188293.
259
What is the highest common factor of 667 and 35161717?
29
Calculate the greatest common factor of 2415 and 18973965.
345
Calculate the greatest common divisor of 80195 and 5375.
215
What is the greatest common factor of 1 and 2273554?
1
Calculate the highest common factor of 3383226 and 264.
66
Calculate the highest common divisor of 22236 and 103302897.
5559
Calculate the highest common factor of 70 and 35776435.
5
What is the highest common factor of 33749092 and 95?
19
Calculate the highest common divisor of 234 and 1215432.
18
What is the highest common factor of 2285 and 40389203?
457
Calculate the greatest common divisor of 547 and 66673283.
547
What is the highest common divisor of 95876725 and 200?
25
What is the highest common factor of 2052096 and 6609192?
4008
What is the highest common factor of 120 and 2210568?
24
Calculate the greatest co